= -u**3 + 14*u**2 - 36*u - 52. Calculate z(10).
-12
Let r(s) = -2*s**2 + 92*s - 986. What is r(16)?
-26
Let v(a) = -a**3 - 28*a**2 + 24*a - 127. Calculate v(-29).
18
Let z(r) = 17*r**3 + 15*r**2 - 54*r - 7. Calculate z(-2).
25
Let d(o) = -13*o**2 - 159*o - 3. What is d(-12)?
33
Let s(g) = -g**3 - 6*g**2 + 64*g + 109. Give s(-11).
10
Let r(m) = -221*m + 634. What is r(3)?
-29
Let l(u) = u**2 - 140*u - 1955. Give l(-13).
34
Let j(l) = -l**2 + 36*l - 69. What is j(28)?
155
Let f(m) = -19*m**2 - 138*m - 134. Calculate f(-6).
10
Let a(n) = -n**2 + 16*n + 9941. What is a(-92)?
5
Let b(z) = 2*z**3 + 3*z**2 - 4. Determine b(1).
1
Let l(w) = -w**2 - 72*w + 5262. What is l(44)?
158
Let r(f) = -5*f**2 + 65*f - 208. Calculate r(7).
2
Let u(c) = 21*c - 84. Calculate u(13).
189
Let w(h) = 2*h**3 - 12*h**2 - 15*h - 15. Give w(6).
-105
Let k(r) = -r**2 - 115*r - 1159. Calculate k(-10).
-109
Let x(c) = 197*c - 7062. What is x(36)?
30
Let y(h) = h**3 - 49*h**2 + 242*h - 6957. Determine y(47).
-1
Let s(x) = 6*x - 78. Determine s(-14).
-162
Let r(h) = -119*h**2 - 23*h + 18. What is r(1)?
-124
Let q(i) = 3*i**2 + 9*i - 12. What is q(-10)?
198
Let v(c) = c**2 - 1627*c - 68394. Give v(-41).
-6
Let a(d) = 2*d**2 - 46*d + 300. Give a(14).
48
Let l(t) = -250*t - 7. What is l(-2)?
493
Let w(f) = -507*f - 20785. Give w(-41).
2
Let d(p) = -424*p**3 + 2*p**2 + 7*p + 2. Give d(-1).
421
Let d(s) = -s**3 + 7*s**2 + 51*s - 292. Determine d(6).
50
Let h(p) = -327*p + 3906. Determine h(12).
-18
Let h(f) = -209*f + 2918. Determine h(14).
-8
Let r(s) = 34*s + 4. Determine r(0).
4
Let j(w) = 95*w + 378. Give j(-4).
-2
Let u(d) = d**2 + 238*d - 3505. What is u(-252)?
23
Let b(f) = 91*f + 1629. Determine b(-18).
-9
Let z(p) = 5*p - 258. Give z(51).
-3
Let y(j) = 3*j**2 - 140*j - 904. Determine y(-6).
44
Let z(n) = -n**3 + 43*n**2 - 44*n + 81. Calculate z(42).
-3
Let r(t) = 89*t + 1033. Give r(-11).
54
Let s(m) = m**2 + 210*m - 4563. What is s(20)?
37
Let l(f) = f**3 + 3*f**2 + 12*f - 36. What is l(4)?
124
Let n(u) = -2*u**3 - 2*u**2 - 3. Calculate n(-4).
93
Let i(t) = -135*t + 1450. What is i(11)?
-35
Let q(c) = c**3 - 4*c + 390. What is q(0)?
390
Let f(c) = -5*c**2 - 160*c - 8. What is f(-32)?
-8
Let j(t) = -88*t**2 + 4305*t - 43. Give j(49).
-386
Let r(m) = -24*m**2 + 35*m - 9. Calculate r(2).
-35
Let a(v) = v**2 + 2406*v - 73085. Give a(30).
-5
Let l(o) = 20*o**2 - 21*o - 11. What is l(5)?
384
Let p(z) = z**3 + 28*z**2 - 121*z + 215. Calculate p(-32).
-9
Let n(s) = s**3 - 4*s**2 + 114*s - 334. What is n(3)?
-1
Let s(h) = -h**3 + 24*h**2 - 70*h + 1544. Calculate s(24).
-136
Let j(z) = z**2 + 76*z + 1162. Calculate j(-55).
7
Let x(i) = 8*i**2 - 24*i + 115. What is x(5)?
195
Let u(z) = 2*z**2 + 205*z - 1774. Calculate u(8).
-6
Let f(k) = -k**3 - 13*k**2 + 106*k + 2. What is f(6)?
-46
Let c(j) = 5*j**3 - 3*j**2 + 5*j + 18. Calculate c(-2).
-44
Let t(f) = -f**2 + 35*f - 190. Calculate t(28).
6
Let c(h) = -8*h**3 + 47*h**2 - 8*h + 44. Calculate c(6).
-40
Let a(n) = -7*n + 62. Give a(0).
62
Let j(h) = -24*h + 560. Determine j(24).
-16
Let v(m) = 3*m**2 - 349*m + 3572. Calculate v(105).
2
Let o(v) = v**2 + 6*v + 17. Calculate o(-6).
17
Let y(c) = 4*c**3 + 292*c**2 - 603*c - 219. Calculate y(-75).
6
Let r(y) = y**3 + 31*y**2 + 54*y - 15. Calculate r(-29).
101
Let x(q) = q**3 + 193*q**2 - 2462*q + 26. What is x(12)?
2
Let l(b) = -277*b + 3536. Calculate l(13).
-65
Let c(d) = 398*d + 829. Give c(-2).
33
Let s(i) = 2*i**3 + 11*i**2 - 3*i - 15. Determine s(-7).
-141
Let w(f) = -23*f - 58. Determine w(-5).
57
Let t(q) = 85*q + 1280. Determine t(-15).
5
Let d(f) = -70*f + 127. Calculate d(2).
-13
Let w(g) = -g**3 + 7*g**2 - 20*g + 49. Give w(5).
-1
Let a(r) = -2*r**3 + 64*r**2 + 205*r + 185. Determine a(35).
10
Let f(a) = -236*a - 26913. Determine f(-114).
-9
Let q(k) = 97*k - 14638. What is q(151)?
9
Let j(h) = -h**3 - 15*h**2 - 26*h - 8. Calculate j(-4).
-80
Let m(j) = 8*j**2 + 14*j + 4. Give m(-3).
34
Let u(d) = -4*d**2 - 171*d - 171. Determine u(-1).
-4
Let x(t) = t**2 + 105*t + 105. What is x(-104)?
1
Let s(d) = -52*d**2 - 346*d - 7. Determine s(-6).
197
Let l(j) = j - 233. What is l(-34)?
-267
Let a(y) = -169*y + 2693. Determine a(16).
-11
Let h(o) = -402*o + 6837. Calculate h(17).
3
Let l(t) = -3*t**2 - 26*t - 7. Determine l(-11).
-84
Let h(p) = 5*p**2 - 30*p + 69. Determine h(3).
24
Let r(p) = -p**2 - 64*p + 393. What is r(7)?
-104
Let r(m) = 26*m**3 + 5515*m**2 + 637*m + 215. Determine r(-212).
3
Let g(r) = 222*r**3 + 2*r**2 - 11*r + 8. Calculate g(1).
221
Let f(u) = -u**3 + 11*u**2 - u + 55. Give f(11).
44
Let q(l) = -24*l**3 + 673*l**2 - 60*l + 898. Give q(28).
2
Let m(v) = -3*v**3 - 489*v**2 + v + 154. Determine m(-163).
-9
Let u(v) = v**3 - 14*v**2 - 44*v + 763. Give u(13).
22
Let z(s) = -3*s**2 + 29*s - 109. Calculate z(6).
-43
Let d(m) = -93*m - 486. Give d(-7).
165
Let u(p) = -3266*p + 306997. Determine u(94).
-7
Let j(o) = -8*o**2 - 63*o + 16. Calculate j(-9).
-65
Let g(s) = 35*s - 156. Determine g(4).
-16
Let s(q) = -29*q**2 - 53*q - 59. Calculate s(-1).
-35
Let h(b) = -29*b**2 + 230*b + 7. Determine h(8).
-9
Let w(b) = -29*b**2 + 13*b + 18. Give w(1).
2
Let i(v) = -v**3 + 6*v**2 - 17*v + 6. Calculate i(4).
-30
Let j(u) = u**3 - 24*u**2 + 4*u + 3. What is j(23)?
-434
Let q(x) = -5003*x - 40022. Give q(-8).
2
Let n(l) = -7*l**2 - 48*l - 7. Calculate n(-6).
29
Let q(l) = 145*l + 3898. Calculate q(-27).
-17
Let v(r) = 17*r**3 + 44*r**2 - 92*r + 21. What is v(-4)?
5
Let i(h) = h**2 + 63*h + 616. Determine i(-12).
4
Let o(g) = g**3 - 24*g**2 + 5*g - 34. Calculate o(24).
86
Let y(i) = 2*i**3 - 107*i**2 + 136*i - 4402. Determine y(53).
-3
Let k(j) = 53*j**2 + 65*j + 208. Give k(-3).
490
Let b(m) = 6849*m + 109584. Give b(-16).
0
Let v(a) = 5*a + 140. Determine v(-7).
105
Let x(r) = -5*r**3 - 13*r**2 + 9*r + 2. Determine x(1).
-7
Let i(d) = -10*d**2 - 102*d - 12. What is i(-10)?
8
Let q(r) = 2*r**2 - 66*r + 217. Determine q(29).
-15
Let a(w) = 39*w + 812. Calculate a(-26).
-202
Let u(z) = 157*z + 6290. Calculate u(-40).
10
Let w(g) = -g + 25. Determine w(16).
9
Let k(r) = -73*r - 2709. Calculate k(-37).
-8
Let f(l) = -l**3 + 8*l**2 - 2*l + 12. Give f(7).
47
Let h(n) = -n**3 - 9*n**2 - 11*n - 92. What is h(-8)?
-68
Let v(z) = -z**3 + 7*z**2 + 6634*z - 39837. Determine v(6).
3
Let b(g) = -g**2 - 10*g + 267. Give b(13).
-32
Let m(g) = -g**3 - 54*g**2 - g - 91. Give m(-54).
-37
Let s(t) = 39484*t + 157941. Determine s(-4).
5
Let d(j) = j**3 - 16*j**2 + 46*j - 63. What is d(13)?
28
Let a(z) = 4*z**2 - 99*z + 217. Give a(24).
145
Let z(c) = -25*c**2 - 2654*c + 2238. What is z(-107)?
-9
Let i(h) = -h**2 - 339*h - 25184. What is i(-229)?
6
Let j(p) = -4*p**2 - 2485*p + 9925. Calculate j(4).
-79
Let w(p) = p**3 - 2*p**2 + 11*p - 26. What is w(5)?
104
Let z(f) = 11*f - 1837. Give z(166).
-11
Let d(c) = -c**3 + c**2 - 40*c + 124. Calculate d(4).
-84
Let u(d) = 8*d**3 - 2*d**2 - 6*d + 1. Give u(-3).
-215
Let y(n) = -78609*n - 157211. Give y(-2).
7
Let a(c) = -c**2 - 5*c + 703. What is a(24)?
7
Let c(z) = 5839*z + 40860. Give c(-7).
-13
Let g(w) = -55*w - 5956. What is g(-108)?
-16
Let x(i) = -8*i**2 - 1018*i - 95. Determine x(-127).
159
Let t(u) = -282*u + 839. What is t(3)?
-7
Let j(d) = -d**3 + 35*d**2 - 48*d + 615. Calculate j(34).
139
Let i(z) = z**3 - 42*z**2 - 44*z - 355. What is i(43)?
-398
Let t(j) = j**3 - 10*j**2 + 7*j - 12. What is t(7)?
-110
Let q(p) = 21*p**2 - 119*p - 7. Give q(6).
35
Let q(h) = -23383*h + 116912. Determine q(5).
-3
Let a(x) = -23*x + 1550. Determine a(68).
-14
Let y(w) = -w**3 + 9*w**2 - 33*w + 62. Give y(6).
-28
Let h(i) = 6*i**3 - 5*i**2 - 2*i + 7. Give h(-3).
-194
Let d(g) = 10*g**2 + 436*g + 262. Calculate d(-43).
4
Let k(o) = o**3 - 59*o**2 - 856*o + 298. Calculate k(71).
14
Let c(b) = b**2 - 84*b + 585. Determine c(8).
-23
Let a(o) = -3*o**3 - 21*o**2 - 11*o - 111. What is a(-7)?
-34
Let w(o) = -466*o - 2804. Give w(-6).
-8
Let p(s) = -4*s**2 - 25*s - 25. Give p(-2).
9
Let g(u) = u**3 - 5*u**2 - 196*u - 21. Give g(-12).
-117
Let g(y) = -170*y - 3951. Give g(-23).
-41
Let x(z) = -z**3 - 10*z**2 - 16*z - 33. Determine x(-9).
30
Let f(z) = -2*z**2 + 20*z + 63. Determine f(-7).
-175
Let u(o) = -11*o**2 - 593*o + 55. What is u(-54)?
1
Let b(n) = -n**3 - 10*n**